7).
-711
Let h(d) = 28*d - 81. Determine h(-13).
-445
Let w(k) = 3*k**3 - 155*k**2 - 54*k + 115. Give w(52).
11
Let p(t) = 45*t + 128. Give p(-3).
-7
Let q(p) = p**3 + 38*p**2 + 37*p + 62. Determine q(-37).
62
Let h(v) = -211*v - 5278. Calculate h(-25).
-3
Let j(u) = 37*u**2 + 27*u + 47. What is j(-3)?
299
Let m(x) = 3*x**2 + 86*x - 75. Determine m(-23).
-466
Let t(m) = 156*m + 26044. Give t(-167).
-8
Let k(w) = -3*w**3 - 36*w**2 - 28*w + 37. What is k(-11)?
-18
Let t(s) = -2*s**3 + 130*s**2 - 123*s - 322. What is t(64)?
-2
Let l(k) = -k**3 + 79*k**2 + 165*k + 128. Determine l(81).
371
Let q(t) = -t**2 + 109*t - 367. Determine q(3).
-49
Let b(n) = 2*n**3 - 75*n**2 - 38*n + 32. Determine b(38).
32
Let p(k) = 669*k + 6021. Determine p(-9).
0
Let i(l) = l**3 + 43*l**2 - 5*l - 222. Give i(-43).
-7
Let o(f) = -15*f + 208. Determine o(20).
-92
Let r(p) = p**2 - 13*p - 140. What is r(-8)?
28
Let o(a) = 567*a - 3404. Determine o(6).
-2
Let m(i) = -175*i**3 + 2*i**2 - 54*i - 56. Give m(-1).
175
Let f(b) = -b**3 - b**2 + 25*b + 4. Calculate f(-5).
-21
Let a(c) = -29*c - 190. Determine a(-7).
13
Let x(l) = -12*l**2 + 455*l + 53. Calculate x(38).
15
Let c(r) = -78*r - 567. What is c(-7)?
-21
Let d(n) = 4*n - 46. Determine d(2).
-38
Let y(f) = 222*f**2 - 294*f - 295. Determine y(-1).
221
Let t(s) = 2*s**2 + 82*s - 459. Give t(-46).
1
Let z(k) = -134*k**3 - 11*k**2 + 14*k - 22. What is z(2)?
-1110
Let t(z) = -2*z**2 + 18*z + 288. What is t(26)?
-596
Let f(m) = -16348*m - 16341. What is f(-1)?
7
Let z(s) = -270*s + 2970. Calculate z(11).
0
Let u(i) = -i**3 + 74*i**2 + 74*i + 87. Calculate u(75).
12
Let s(x) = -406*x + 13896. Calculate s(34).
92
Let b(w) = w**3 + 77*w**2 - 322*w + 5. Determine b(4).
13
Let l(b) = b**3 + 28*b**2 + 343*b + 8513. What is l(-27)?
-19
Let q(r) = 2*r**2 + 234*r + 3393. Calculate q(-100).
-7
Let g(s) = 2*s**2 + 83*s + 537. Determine g(-8).
1
Let i(x) = 436*x + 877. Determine i(-2).
5
Let m(d) = -d**3 + 5*d - 68. What is m(0)?
-68
Let k(f) = f**3 - 43*f - 14. Determine k(-6).
28
Let o(b) = -31476*b - 125909. Determine o(-4).
-5
Let m(u) = -u**3 + 26*u**2 + 2*u. What is m(0)?
0
Let h(i) = -i**2 - 45*i + 234. What is h(5)?
-16
Let r(w) = 5*w**2 + 26*w + 24. Give r(-4).
0
Let x(i) = 14*i**2 - 339*i + 79. Calculate x(24).
7
Let f(z) = -36*z - 8. Calculate f(5).
-188
Let q(i) = 89*i + 98. What is q(-7)?
-525
Let a(m) = 4*m + 49. Determine a(18).
121
Let j(i) = i**2 + 11*i - 196. Determine j(7).
-70
Let x(u) = -u**3 + 6*u**2 - 33. Determine x(8).
-161
Let k(s) = -5*s**2 - 60*s - 159. Calculate k(-4).
1
Let r(x) = x**3 + 63*x**2 + 69*x + 392. What is r(-62)?
-42
Let i(x) = 9*x + 59. Give i(-7).
-4
Let d(h) = -h**3 - 27*h**2 + 19*h - 27. Determine d(-28).
225
Let d(n) = 80*n - 2112. Calculate d(27).
48
Let p(s) = 4835*s + 33859. Calculate p(-7).
14
Let u(n) = -n**3 - 66*n**2 + 290*n + 685. Calculate u(-70).
-15
Let u(w) = w**3 + 8*w**2 + 16*w + 32. Calculate u(-3).
29
Let k(j) = -j**3 - 29*j**2 - 18*j + 11. Give k(-28).
-269
Let s(y) = -23*y**2 + 515*y - 206. What is s(22)?
-8
Let r(h) = -60*h - 564. What is r(-10)?
36
Let z(u) = -u**2 + 1020*u + 4088. Determine z(-4).
-8
Let d(r) = r**3 - 45*r**2 - 27*r - 635. Give d(46).
239
Let g(d) = d**3 + 2*d**2 + 21*d + 43. Determine g(-2).
1
Let u(f) = 46*f + 8097. Calculate u(-176).
1
Let z(q) = -7*q**2 - 197*q - 32. Determine z(0).
-32
Let s(r) = r**3 - r + 12. Give s(0).
12
Let p(x) = x**2 + 83*x - 625. Calculate p(-91).
103
Let b(p) = -6*p**2 + 52*p - 38. Calculate b(18).
-1046
Let v(s) = s**3 + 20*s**2 - 72*s - 53. Determine v(-23).
16
Let q(h) = 19*h**2 - 19*h - 31. Calculate q(-2).
83
Let v(h) = h**3 + 18*h**2 - 49*h - 538. Give v(-19).
32
Let n(h) = 2*h**3 - 15*h**2 - 7*h - 1. What is n(8)?
7
Let z(k) = k**2 - 285*k + 5795. Calculate z(22).
9
Let o(b) = -3*b**2 + 37*b - 93. Calculate o(5).
17
Let m(c) = -c**2 - 9*c + 1775. What is m(-47)?
-11
Let b(p) = 2*p**3 - 5*p**2 + p + 2. What is b(3)?
14
Let w(x) = -x**3 + 6*x**2 + 2*x - 11. Determine w(5).
24
Let i(w) = w**2 - 349*w - 2150. What is i(-6)?
-20
Let j(p) = 23*p - 195. Give j(8).
-11
Let t(m) = 19*m + 77. What is t(-3)?
20
Let u(n) = -287*n + 1718. Calculate u(6).
-4
Let o(b) = -2*b**3 + 371*b**2 + 212*b - 4842. What is o(186)?
-6
Let z(v) = -v**3 + 44*v**2 + 126*v - 7259. Determine z(43).
8
Let i(m) = -451*m + 1354. What is i(3)?
1
Let x(b) = -b**3 - 36*b**2 - 32*b + 100. Determine x(-35).
-5
Let r(i) = -10*i**3 - 3*i**2 - 3*i + 1. Determine r(-1).
11
Let a(b) = 218*b**3 + 2*b**2 - 219*b + 217. What is a(1)?
218
Let y(l) = 29*l + 1035. Calculate y(-37).
-38
Let b(u) = u**3 + 4*u**2 + u - 13. Calculate b(-4).
-17
Let j(z) = -4*z**2 + 97*z + 173. Calculate j(26).
-9
Let a(x) = -2*x**3 - 302*x**2 - 3*x - 596. What is a(-151)?
-143
Let c(d) = d + 72. Calculate c(-6).
66
Let h(p) = 4*p + 357. What is h(-27)?
249
Let b(m) = 4*m**2 - 13*m + 31. What is b(7)?
136
Let k(x) = -31*x - 4077. What is k(-132)?
15
Let g(h) = h**3 + 4*h**2 + 113*h + 213. Give g(-2).
-5
Let k(a) = -a**3 + 2*a**2 + 5*a - 7. Determine k(3).
-1
Let f(m) = -34*m + 394. Determine f(12).
-14
Let v(a) = 2*a + 134. Give v(-34).
66
Let z(l) = -2*l**2 + 927*l + 3740. What is z(-4)?
0
Let p(t) = t**3 - 117*t**2 - 621*t + 7. Give p(-5).
62
Let l(j) = 3*j**3 - 114*j**2 + 24*j + 8. What is l(38)?
920
Let d(x) = -x**3 + 10*x**2 + 66*x - 611. Give d(9).
64
Let n(f) = -20*f**2 - 18*f + 45. What is n(5)?
-545
Let g(h) = -2*h**3 + 41*h**2 + 12*h + 48. Give g(21).
-141
Let u(n) = 2*n**2 - 82*n - 100. Determine u(42).
-16
Let h(w) = -1292*w - 23249. What is h(-18)?
7
Let b(w) = 2*w**3 + 23*w**2 + 53*w - 47. Calculate b(-7).
23
Let f(a) = 5*a**2 + 81*a - 260. Determine f(3).
28
Let w(k) = 7*k**2 - 6*k + 13. Give w(2).
29
Let t(c) = c**3 - 90*c**2 + 10*c - 905. Calculate t(90).
-5
Let r(y) = y**2 + 14*y + 402. Determine r(-17).
453
Let f(a) = 4*a**3 - 16*a**2 + 7*a + 13. Give f(3).
-2
Let n(q) = -38*q - 1990. What is n(-52)?
-14
Let o(u) = -9*u**3 + 30*u**2 + 23*u - 8. Determine o(4).
-12
Let o(z) = 53*z**2 + 34*z - 73. Determine o(2).
207
Let l(r) = -2*r**3 - 6*r**2 - 11*r - 11. Give l(-5).
144
Let a(u) = -5*u**3 - 16*u**2 + 27*u + 84. What is a(-5)?
174
Let m(n) = 6*n + 23. What is m(-21)?
-103
Let b(c) = 4*c**2 + 182*c - 706. Calculate b(-49).
-20
Let o(u) = u**2 - 16*u + 17. What is o(14)?
-11
Let s(w) = w**3 + 25*w**2 + 152*w - 17. Give s(-11).
5
Let r(m) = -8*m + 169. Determine r(29).
-63
Let g(b) = -120*b + 1084. Calculate g(9).
4
Let s(l) = -29*l**3 - 435*l**2 - 5*l - 69. What is s(-15)?
6
Let m(p) = -p - 19. Calculate m(72).
-91
Let p(l) = l**3 + 3*l**2 - 17*l - 8. Give p(-4).
44
Let c(z) = z**2 + 78*z + 1261. What is c(-55)?
-4
Let a(s) = 238*s + 1036. Determine a(-5).
-154
Let z(x) = -x**2 - 31*x - 8. Determine z(0).
-8
Let s(q) = -2*q**3 + 3*q**2 - 42*q + 280. Determine s(6).
-296
Let q(m) = m**3 - 76*m**2 - 22274*m - 244. Calculate q(-116).
-12
Let f(b) = -2*b**2 - 766*b - 1536. Calculate f(-2).
-12
Let t(p) = -44*p - 1368. Give t(-31).
-4
Let h(b) = -1927*b + 48. What is h(0)?
48
Let q(d) = -d**3 + 23*d**2 - 85*d - 429. Calculate q(16).
3
Let y(j) = 3*j**2 + 53*j - 553. What is y(-24)?
-97
Let a(d) = 51*d + 248. Calculate a(-5).
-7
Let a(p) = p**2 + 5*p - 1174. Give a(-42).
380
Let o(w) = -125*w**2 + 223*w - 10. Calculate o(2).
-64
Let p(h) = 24*h**3 - 4*h - 3. Determine p(-2).
-187
Let t(h) = -4*h**3 + 23*h**2 - 69*h + 49. Determine t(5).
-221
Let y(w) = w**3 - 9*w**2 - 40*w + 167. What is y(11)?
-31
Let d(g) = -2*g**2 + 173*g - 231. Give d(82).
507
Let i(g) = 3*g**2 + 127*g + 48. Give i(-42).
6
Let u(d) = -16*d + 262. Calculate u(15).
22
Let i(r) = 66*r - 858. Determine i(13).
0
Let z(p) = -17*p**2 - 55*p - 75. Give z(-4).
-127
Let t(i) = i**2 + 3*i - 29. What is t(11)?
125
Let q(p) = 61*p**2 - 3*p + 4. Determine q(1).
62
Let a(c) = c**3 - 30*c**2 + 16. Give a(30).
16
Let p(c) = c**3 - 13*c**2 + 36*c + 64. Give p(7).
22
Let a(q) = -q**3 - 4*q**2 + 22*q - 18. Determine a(-8).
62
Let f(a) = -2*a**3 + 110*a**2 + 20*a - 315. Determine f(55).
785
Let y(s) = 146*s + 89. What is y(1)?
235
Let g(b) = b**2 + 20*b - 185. Determine g(-27).
4
Let q(g) = 768*g - 3849. Calculate q(5).
-9
Let s(d) = 2*d**2 + 26*d + 117. Give s(-8).
37
Let a(b) = 2*b**3 - 43*b**2 + 25*b - 98. Calculate a(